, 1013
What are the prime factors of 156543?
3, 52181
What are the prime factors of 910004?
2, 227501
What are the prime factors of 58798?
2, 29399
What are the prime factors of 23628114?
2, 3, 1312673
What are the prime factors of 289338?
2, 3, 7, 83
What are the prime factors of 234043?
234043
What are the prime factors of 158971?
43, 3697
What are the prime factors of 106217?
106217
List the prime factors of 86503.
23, 3761
What are the prime factors of 475680?
2, 3, 5, 991
What are the prime factors of 17032428?
2, 3, 7, 67589
What are the prime factors of 518611?
518611
What are the prime factors of 2386610?
2, 5, 41, 5821
What are the prime factors of 233850?
2, 3, 5, 1559
List the prime factors of 483454.
2, 241727
What are the prime factors of 395910?
2, 3, 5, 53, 83
List the prime factors of 7333428.
2, 3, 389, 1571
List the prime factors of 20431668.
2, 3, 1702639
What are the prime factors of 82771?
13, 6367
List the prime factors of 3974742.
2, 3, 461, 479
What are the prime factors of 4044731?
4044731
What are the prime factors of 653339?
653339
What are the prime factors of 434718?
2, 3, 24151
What are the prime factors of 9340202?
2, 43, 67, 1621
What are the prime factors of 2422?
2, 7, 173
List the prime factors of 27573151.
107, 439, 587
What are the prime factors of 29180?
2, 5, 1459
List the prime factors of 10895286.
2, 3, 1815881
What are the prime factors of 586733?
7, 79, 1061
List the prime factors of 6502617.
3, 11, 19, 3457
What are the prime factors of 237409?
237409
List the prime factors of 164533.
41, 4013
What are the prime factors of 6323144?
2, 809, 977
List the prime factors of 10229669.
10229669
List the prime factors of 1763934.
2, 3, 293989
List the prime factors of 229614.
2, 3, 7, 11, 71
List the prime factors of 930662.
2, 465331
List the prime factors of 21962428.
2, 5490607
What are the prime factors of 165173?
165173
List the prime factors of 35907327.
3, 71, 18731
List the prime factors of 11679.
3, 17, 229
List the prime factors of 15148494.
2, 3, 709, 1187
List the prime factors of 83112.
2, 3, 3463
List the prime factors of 13397058.
2, 3, 97, 7673
List the prime factors of 2715951.
3, 7, 283, 457
List the prime factors of 19415609.
83, 233923
What are the prime factors of 9382154?
2, 83, 56519
What are the prime factors of 344911?
7, 7039
What are the prime factors of 4618782?
2, 3, 7, 4073
List the prime factors of 4481687.
7, 91463
What are the prime factors of 260548?
2, 53, 1229
What are the prime factors of 322687?
151, 2137
List the prime factors of 551754.
2, 3, 7, 29, 151
What are the prime factors of 189296?
2, 11831
What are the prime factors of 184123?
101, 1823
What are the prime factors of 2434179?
3, 11, 17, 4339
What are the prime factors of 345215?
5, 13, 47, 113
List the prime factors of 7981765.
5, 11, 79, 167
List the prime factors of 9367625.
5, 74941
List the prime factors of 1217278.
2, 83, 7333
List the prime factors of 209220.
2, 3, 5, 11, 317
List the prime factors of 5307198.
2, 3, 13, 68041
List the prime factors of 4391713.
4391713
List the prime factors of 50776.
2, 11, 577
List the prime factors of 136285.
5, 97, 281
What are the prime factors of 3305750?
2, 5, 7, 1889
List the prime factors of 172126.
2, 89, 967
List the prime factors of 999720.
2, 3, 5, 2777
What are the prime factors of 22479708?
2, 3, 59, 31751
What are the prime factors of 2571811?
11, 17, 809
List the prime factors of 1815669.
3, 67247
List the prime factors of 352826.
2, 176413
List the prime factors of 127823.
17, 73, 103
What are the prime factors of 642880?
2, 5, 7, 41
List the prime factors of 66683.
66683
What are the prime factors of 44969?
193, 233
What are the prime factors of 216832?
2, 7, 11
List the prime factors of 18503523.
3, 23, 71, 1259
What are the prime factors of 1321862?
2, 37, 17863
List the prime factors of 101957.
101957
List the prime factors of 4031789.
89, 509
List the prime factors of 31545.
3, 5, 701
List the prime factors of 371588.
2, 7, 23, 577
What are the prime factors of 440151?
3, 23, 6379
List the prime factors of 2196387.
3, 244043
List the prime factors of 261713.
261713
What are the prime factors of 1289?
1289
What are the prime factors of 6047418?
2, 3, 13, 31, 41, 61
What are the prime factors of 2183316?
2, 3, 181943
What are the prime factors of 1384946?
2, 569, 1217
List the prime factors of 44977.
41, 1097
What are the prime factors of 7975067?
7975067
List the prime factors of 408136.
2, 17, 3001
What are the prime factors of 19157?
19157
List the prime factors of 790756.
2, 197689
List the prime factors of 3112995.
3, 5, 37, 71, 79
List the prime factors of 743042.
2, 103, 3607
List the prime factors of 14183810.
2, 5, 1181, 1201
What are the prime factors of 9801652?
2, 7, 29, 12071
List the prime factors of 333851.
7, 37, 1289
List the prime factors of 6251821.
6251821
What are the prime factors of 6556319?
7, 11, 85147
What are the prime factors of 165554?
2, 23, 59, 61
What are the prime factors of 8593241?
311, 27631
List the prime factors of 2118612.
2, 3, 176551
List the prime factors of 12979024.
2, 17, 47717
What are the prime factors of 221554?
2, 110777
What are the prime factors of 181470?
2, 3, 5, 23, 263
List the prime factors of 4327.
4327
What are the prime factors of 17970910?
2, 5, 419, 4289
What are the prime factors of 11927279?
7, 13, 53, 2473
List the prime factors of 4494546.
2, 3, 7, 35671
What are the prime factors of 195411?
3, 53, 1229
What are the prime factors of 13479403?
7, 23, 29, 2887
List the prime factors of 40514164.
2, 157, 64513
List the prime factors of 552063.
3, 59, 3119
What are the prime factors of 5661295?
5, 1132259
List the prime factors of 2219610.
2, 3, 5, 241, 307
What are the prime factors of 215452?
2, 61, 883
What are the prime factors of 9960414?
2, 3, 1660069
List the prime factors of 2993788.
2, 7, 106921
What are the prime factors of 347700?
2, 3, 5, 19, 61
List the prime factors of 6280540.
2, 5, 7, 113, 397
List the prime factors of 74703.
3, 37, 673
What are the prime factors of 394888?
2, 13, 3797
What are the prime factors of 1611180?
2, 3, 5, 8951
What are the prime factors of 15335254?
2, 11, 47, 14831
What are the prime factors of 1238098?
2, 71, 8719
What are the prime factors of 1833582?
2, 3, 305597
What are the prime factors of 2218097?
7, 23, 599
What are the prime factors of 82479?
3, 19, 1447
What are the prime factors of 200330?
2, 5, 13, 23, 67
List the prime factors of 77926.
2, 47, 829
What are the prime factors of 608597?
11, 61, 907
What are the prime factors of 181066?
2, 90533
List the prime factors of 267802.
2, 293, 457
List the prime factors of 287084.
2, 7, 10253
What are the prime factors of 595567?
7, 85081
What are the prime factors of 691472?
2, 23, 1879
What are the prime factors of 11276990?
2, 5, 193, 5843
List the prime factors of 3464269.
1087, 3187
What are the prime factors of 886070?
2, 5, 88607
What are the prime factors of 191398?
2, 83, 1153
List the prime factors of 207551.
207551
List the prime factors of 308801.
308801
What are the prime factors of 8250434?
2, 337, 12241
List the prime factors of 4942833.
3, 7, 53, 4441
List the prime factors of 17118490.
2, 5, 17, 101, 997
List the prime factors of 128947.
7, 13, 109
What are the prime factors of 706462?
2, 373, 947
List the prime factors of 2889619.
173, 16703
List the prime factors of 7904646.
2, 3, 19, 29, 797
What are the prime factors of 323279?
11, 29389
List the prime factors of 846275.
5, 33851
List the prime factors of 108540.
2, 3, 5, 67
List the prime factors of 3488015.
5, 697603
List the prime factors of 9730493.
9730493
What are the prime factors of 499962?
2, 3, 103, 809
List the prime factors of 167534.
2, 211, 397
What are the prime factors of 2314473?
3, 7, 307, 359
What are the prime factors of 5541519?
3, 41, 45053
List the prime factors of 304868.
2, 199, 383
List the prime factors of 216054.
2, 3, 4001
What are the prime factors of 3352357?
587, 5711
List the prime factors of 1257221.
7, 179603
List the prime factors of 1471447.
1471447
List the prime factors of 13333297.
139, 95923
List the prime factors of 20456028.
2, 3, 211, 2693
What are the prime factors of 348681